{"id":4099,"date":"2021-05-24T21:28:18","date_gmt":"2021-05-24T20:28:18","guid":{"rendered":"https:\/\/aeviseunorte.pt\/ini\/?page_id=4099"},"modified":"2021-09-07T00:51:03","modified_gmt":"2021-09-06T23:51:03","slug":"escola-de-andebol-dr-azeredo-perdigao","status":"publish","type":"page","link":"https:\/\/aeviseunorte.pt\/ini\/escola-de-andebol-dr-azeredo-perdigao\/","title":{"rendered":"Escola de Andebol Dr. Azeredo Perdig\u00e3o"},"content":{"rendered":"<table style=\"border-collapse: collapse; width: 100%;\">\n<tbody>\n<tr>\n<td style=\"width: 1027px;\">\n<ul>\n<li><a href=\"https:\/\/aeviseunorte.pt\/ini\/wp-content\/uploads\/2021\/09\/cartaz-escola-andebol-21_22.pdf\" target=\"_blank\" rel=\"noopener\"><span style=\"text-decoration: underline;\"><strong>TREINOS &#8211; \u00c9POCA 2021-2022<\/strong><\/span><\/a><\/li>\n<\/ul>\n<\/td>\n<\/tr>\n<tr>\n<td style=\"width: 1027px;\">\n<ul>\n<li><a href=\"https:\/\/aeviseunorte.pt\/ini\/wp-content\/uploads\/2021\/09\/Informacao-APE-2021-2022.pdf\" target=\"_blank\" rel=\"noopener\"><strong><span style=\"text-decoration: underline;\">Quem somos;<\/span> <span style=\"text-decoration: underline;\">Objetivos;<\/span> <span style=\"text-decoration: underline;\">Escal\u00f5es et\u00e1rios;<\/span> <span style=\"text-decoration: underline;\">Hor\u00e1rios de treino<\/span><\/strong><\/a><\/li>\n<\/ul>\n<\/td>\n<\/tr>\n<tr>\n<td style=\"width: 1027px;\">\n<ul>\n<li style=\"text-align: justify;\"><a href=\"https:\/\/drive.google.com\/drive\/folders\/1ZgXaBH_iuxmDYnqmUqJHlLo47dKC-UFs?usp=sharing\" target=\"_blank\" rel=\"noopener\"><strong><span style=\"text-decoration: underline;\">Fotografias da concentra\u00e7\u00e3o de Bambis &#8211; 4 de julho na E.B. Dr. Azeredo Perdig\u00e3o<\/span><\/strong><\/a><\/li>\n<\/ul>\n<\/td>\n<\/tr>\n<tr>\n<td style=\"width: 1027px;\">\n<ul>\n<li><a href=\"https:\/\/aeviseunorte.pt\/ini\/wp-content\/uploads\/2021\/05\/BAMBIS-MAPA-CONCENTRACOES-SERIE-B.pdf\" target=\"_blank\" rel=\"noopener\"><span style=\"text-decoration: underline;\"><strong>Bambis<\/strong><\/span><\/a><\/li>\n<li><span style=\"text-decoration: underline;\"><strong><a href=\"https:\/\/aeviseunorte.pt\/ini\/wp-content\/uploads\/2021\/05\/PO.37-_19-maio-Federacao-de-Andebol-de-Portugal.pdf\" target=\"_blank\" rel=\"noopener\">Retoma do Andebol Minis (PO.37)<\/a><\/strong><\/span><\/li>\n<li><a href=\"https:\/\/aeviseunorte.pt\/ini\/wp-content\/uploads\/2021\/05\/PO-37-REGULAMENTO-MINIS-RETIFICADO-18-05-2021.pdf\" target=\"_blank\" rel=\"noopener\"><span style=\"text-decoration: underline;\"><strong>Regulamento dos Minis (PO.37)<\/strong><\/span><\/a><\/li>\n<li><span style=\"text-decoration: underline;\"><strong><a href=\"https:\/\/aeviseunorte.pt\/ini\/wp-content\/uploads\/2021\/05\/SUB.13_SUB.12-_19-maio-Federacao-de-Andebol-de-Portugal.pdf\" target=\"_blank\" rel=\"noopener\">Retoma do Andebol Sub. 13\/Sub.12 Masc.\/Fem.<\/a><\/strong><\/span><\/li>\n<li><span style=\"text-decoration: underline;\"><span style=\"text-decoration: underline;\"><span style=\"text-decoration: underline;\"><strong><a href=\"https:\/\/aeviseunorte.pt\/ini\/wp-content\/uploads\/2021\/05\/SUB.14-_19-maio-Federacao-de-Andebol-de-Portugal.pdf\" target=\"_blank\" rel=\"noopener\">Retoma do Andebol Sub. 14 Iniciadas Femininas<\/a><\/strong><\/span><\/span><\/span><\/li>\n<\/ul>\n<\/td>\n<\/tr>\n<tr>\n<td style=\"width: 1027px;\">\n<ul>\n<li><span style=\"text-decoration: underline;\"><strong><a href=\"https:\/\/aeviseunorte.pt\/ini\/wp-content\/uploads\/2021\/05\/Infantis-Mistos-e-Minis.pdf\" target=\"_blank\" rel=\"noopener\">Fotografias &#8211; Infantis Mistos e Minis<\/a><\/strong><\/span><\/li>\n<li><span style=\"text-decoration: underline;\"><strong><a href=\"https:\/\/aeviseunorte.pt\/ini\/wp-content\/uploads\/2021\/05\/INICIADAS-FEMININAS.pdf\" target=\"_blank\" rel=\"noopener\">Fotografias &#8211; Iniciadas Femininas<\/a><\/strong><\/span><\/li>\n<\/ul>\n<\/td>\n<\/tr>\n<\/tbody>\n<\/table>\n","protected":false},"excerpt":{"rendered":"<p>TREINOS &#8211; \u00c9POCA 2021-2022 Quem somos; Objetivos; Escal\u00f5es et\u00e1rios; Hor\u00e1rios de treino Fotografias da concentra\u00e7\u00e3o de Bambis &#8211; 4 de julho na E.B. Dr. Azeredo Perdig\u00e3o Bambis Retoma do Andebol&#8230; <\/p>\n","protected":false},"author":3,"featured_media":0,"parent":0,"menu_order":0,"comment_status":"closed","ping_status":"closed","template":"","meta":{"footnotes":""},"_links":{"self":[{"href":"https:\/\/aeviseunorte.pt\/ini\/wp-json\/wp\/v2\/pages\/4099"}],"collection":[{"href":"https:\/\/aeviseunorte.pt\/ini\/wp-json\/wp\/v2\/pages"}],"about":[{"href":"https:\/\/aeviseunorte.pt\/ini\/wp-json\/wp\/v2\/types\/page"}],"author":[{"embeddable":true,"href":"https:\/\/aeviseunorte.pt\/ini\/wp-json\/wp\/v2\/users\/3"}],"replies":[{"embeddable":true,"href":"https:\/\/aeviseunorte.pt\/ini\/wp-json\/wp\/v2\/comments?post=4099"}],"version-history":[{"count":19,"href":"https:\/\/aeviseunorte.pt\/ini\/wp-json\/wp\/v2\/pages\/4099\/revisions"}],"predecessor-version":[{"id":4245,"href":"https:\/\/aeviseunorte.pt\/ini\/wp-json\/wp\/v2\/pages\/4099\/revisions\/4245"}],"wp:attachment":[{"href":"https:\/\/aeviseunorte.pt\/ini\/wp-json\/wp\/v2\/media?parent=4099"}],"curies":[{"name":"wp","href":"https:\/\/api.w.org\/{rel}","templated":true}]}}

Escola de Andebol Dr. Azeredo Perdigão

<table style="border-collapse: collapse; width: 100%;">
<tbody>
<tr>
<td style="width: 1027px;">
<ul>
<li><a href="https://aeviseunorte.pt/ini/wp-content/uploads/2021/09/cartaz-escola-andebol-21_22.pdf" target="_blank" rel="noopener"><span style="text-decoration: underline;"><strong>TREINOS &#8211; ÉPOCA 2021-2022</strong></span></a></li>
</ul>
</td>
</tr>
<tr>
<td style="width: 1027px;">
<ul>
<li><a href="https://aeviseunorte.pt/ini/wp-content/uploads/2021/09/Informacao-APE-2021-2022.pdf" target="_blank" rel="noopener"><strong><span style="text-decoration: underline;">Quem somos;</span> <span style="text-decoration: underline;">Objetivos;</span> <span style="text-decoration: underline;">Escalões etários;</span> <span style="text-decoration: underline;">Horários de treino</span></strong></a></li>
</ul>
</td>
</tr>
<tr>
<td style="width: 1027px;">
<ul>
<li style="text-align: justify;"><a href="https://drive.google.com/drive/folders/1ZgXaBH_iuxmDYnqmUqJHlLo47dKC-UFs?usp=sharing" target="_blank" rel="noopener"><strong><span style="text-decoration: underline;">Fotografias da concentração de Bambis &#8211; 4 de julho na E.B. Dr. Azeredo Perdigão</span></strong></a></li>
</ul>
</td>
</tr>
<tr>
<td style="width: 1027px;">
<ul>
<li><a href="https://aeviseunorte.pt/ini/wp-content/uploads/2021/05/BAMBIS-MAPA-CONCENTRACOES-SERIE-B.pdf" target="_blank" rel="noopener"><span style="text-decoration: underline;"><strong>Bambis</strong></span></a></li>
<li><span style="text-decoration: underline;"><strong><a href="https://aeviseunorte.pt/ini/wp-content/uploads/2021/05/PO.37-_19-maio-Federacao-de-Andebol-de-Portugal.pdf" target="_blank" rel="noopener">Retoma do Andebol Minis (PO.37)</a></strong></span></li>
<li><a href="https://aeviseunorte.pt/ini/wp-content/uploads/2021/05/PO-37-REGULAMENTO-MINIS-RETIFICADO-18-05-2021.pdf" target="_blank" rel="noopener"><span style="text-decoration: underline;"><strong>Regulamento dos Minis (PO.37)</strong></span></a></li>
<li><span style="text-decoration: underline;"><strong><a href="https://aeviseunorte.pt/ini/wp-content/uploads/2021/05/SUB.13_SUB.12-_19-maio-Federacao-de-Andebol-de-Portugal.pdf" target="_blank" rel="noopener">Retoma do Andebol Sub. 13/Sub.12 Masc./Fem.</a></strong></span></li>
<li><span style="text-decoration: underline;"><span style="text-decoration: underline;"><span style="text-decoration: underline;"><strong><a href="https://aeviseunorte.pt/ini/wp-content/uploads/2021/05/SUB.14-_19-maio-Federacao-de-Andebol-de-Portugal.pdf" target="_blank" rel="noopener">Retoma do Andebol Sub. 14 Iniciadas Femininas</a></strong></span></span></span></li>
</ul>
</td>
</tr>
<tr>
<td style="width: 1027px;">
<ul>
<li><span style="text-decoration: underline;"><strong><a href="https://aeviseunorte.pt/ini/wp-content/uploads/2021/05/Infantis-Mistos-e-Minis.pdf" target="_blank" rel="noopener">Fotografias &#8211; Infantis Mistos e Minis</a></strong></span></li>
<li><span style="text-decoration: underline;"><strong><a href="https://aeviseunorte.pt/ini/wp-content/uploads/2021/05/INICIADAS-FEMININAS.pdf" target="_blank" rel="noopener">Fotografias &#8211; Iniciadas Femininas</a></strong></span></li>
</ul>
</td>
</tr>
</tbody>
</table>

<p>TREINOS &#8211; ÉPOCA 2021-2022 Quem somos; Objetivos; Escalões etários; Horários de treino Fotografias da concentração de Bambis &#8211; 4 de julho na E.B. Dr. Azeredo Perdigão Bambis Retoma do Andebol&#8230; </p>
