{"id":28,"date":"2016-02-11T22:40:48","date_gmt":"2016-02-11T22:40:48","guid":{"rendered":"http:\/\/aeviseunorte.pt\/ini\/?page_id=28"},"modified":"2016-05-02T21:58:39","modified_gmt":"2016-05-02T20:58:39","slug":"orgaos","status":"publish","type":"page","link":"https:\/\/aeviseunorte.pt\/ini\/orgaos\/","title":{"rendered":"\u00d3rg\u00e3os de Gest\u00e3o e Administra\u00e7\u00e3o"},"content":{"rendered":"<ul>\n<li><a href=\"https:\/\/aeviseunorte.pt\/ini\/conselho-geral\/\" target=\"_blank\">Conselho Geral<\/a><\/li>\n<li><a href=\"https:\/\/aeviseunorte.pt\/ini\/direcao\/\" target=\"_blank\">Dire\u00e7\u00e3o<\/a><\/li>\n<li><a href=\"https:\/\/aeviseunorte.pt\/ini\/conselho-pedagogico\/\" target=\"_blank\">Conselho Pedag\u00f3gico<\/a><\/li>\n<li><a href=\"https:\/\/aeviseunorte.pt\/ini\/conselho-administrativo\/\" target=\"_blank\">Conselho Administrativo<\/a><\/li>\n<\/ul>\n","protected":false},"excerpt":{"rendered":"<p>Conselho Geral Dire\u00e7\u00e3o Conselho Pedag\u00f3gico Conselho Administrativo<\/p>\n","protected":false},"author":1,"featured_media":0,"parent":0,"menu_order":0,"comment_status":"closed","ping_status":"closed","template":"","meta":{"footnotes":""},"_links":{"self":[{"href":"https:\/\/aeviseunorte.pt\/ini\/wp-json\/wp\/v2\/pages\/28"}],"collection":[{"href":"https:\/\/aeviseunorte.pt\/ini\/wp-json\/wp\/v2\/pages"}],"about":[{"href":"https:\/\/aeviseunorte.pt\/ini\/wp-json\/wp\/v2\/types\/page"}],"author":[{"embeddable":true,"href":"https:\/\/aeviseunorte.pt\/ini\/wp-json\/wp\/v2\/users\/1"}],"replies":[{"embeddable":true,"href":"https:\/\/aeviseunorte.pt\/ini\/wp-json\/wp\/v2\/comments?post=28"}],"version-history":[{"count":0,"href":"https:\/\/aeviseunorte.pt\/ini\/wp-json\/wp\/v2\/pages\/28\/revisions"}],"wp:attachment":[{"href":"https:\/\/aeviseunorte.pt\/ini\/wp-json\/wp\/v2\/media?parent=28"}],"curies":[{"name":"wp","href":"https:\/\/api.w.org\/{rel}","templated":true}]}}